ert -1 (base 9) to base 12.
-1
-252 (base 7) to base 9
-160
What is -14 (base 15) in base 11?
-18
Convert -10 (base 13) to base 2.
-1101
What is -3 (base 15) in base 9?
-3
What is 9c (base 15) in base 4?
2103
124 (base 5) to base 15
29
What is -10 (base 7) in base 10?
-7
Convert 4a (base 15) to base 8.
106
Convert 433 (base 7) to base 3.
22011
151 (base 9) to base 5
1002
What is -6 (base 16) in base 11?
-6
Convert -4 (base 16) to base 2.
-100
What is -111 (base 3) in base 8?
-15
Convert -110 (base 5) to base 8.
-36
Convert 2 (base 3) to base 9.
2
What is -1 (base 5) in base 16?
-1
What is 2201 (base 5) in base 14?
177
Convert 3 (base 6) to base 4.
3
Convert -1 (base 12) to base 9.
-1
Convert 1000011 (base 2) to base 10.
67
1233 (base 5) to base 4
3001
Convert 86 (base 16) to base 7.
251
What is 14 (base 12) in base 5?
31
Convert -100 (base 2) to base 14.
-4
Convert 3 (base 6) to base 4.
3
What is -12 (base 11) in base 4?
-31
What is 111 (base 3) in base 10?
13
What is 21 (base 12) in base 13?
1c
Convert 56 (base 7) to base 15.
2b
0 (base 9) to base 16
0
What is -100 (base 6) in base 12?
-30
50 (base 7) to base 8
43
What is 0 (base 3) in base 6?
0
Convert 123 (base 8) to base 7.
146
What is -1 (base 5) in base 7?
-1
Convert -1 (base 2) to base 5.
-1
What is 5c (base 16) in base 10?
92
Convert -2 (base 16) to base 8.
-2
What is -1 (base 15) in base 14?
-1
What is 11 (base 9) in base 11?
a
Convert -a (base 16) to base 2.
-1010
What is 1 (base 9) in base 16?
1
Convert 1d (base 14) to base 4.
123
14 (base 14) to base 4
102
What is 213 (base 5) in base 14?
42
Convert 0 (base 13) to base 16.
0
Convert 5 (base 7) to base 8.
5
-12 (base 5) to base 16
-7
What is 7a (base 16) in base 5?
442
Convert 3 (base 7) to base 3.
10
-2 (base 16) to base 2
-10
Convert 2 (base 9) to base 16.
2
10001 (base 2) to base 12
15
Convert -6 (base 8) to base 9.
-6
What is 0 (base 8) in base 16?
0
Convert 4 (base 16) to base 5.
4
Convert 7 (base 12) to base 11.
7
Convert 14a (base 14) to base 2.
100000110
Convert 5 (base 7) to base 16.
5
0 (base 15) to base 14
0
What is 2a (base 14) in base 10?
38
111010 (base 2) to base 10
58
Convert b (base 15) to base 12.
b
What is -31 (base 7) in base 11?
-20
-5 (base 6) to base 16
-5
Convert -1121 (base 5) to base 15.
-ab
Convert -f8 (base 16) to base 9.
-305
Convert -101 (base 4) to base 12.
-15
What is -4 (base 7) in base 8?
-4
-10 (base 3) to base 11
-3
Convert 34 (base 8) to base 16.
1c
Convert 10 (base 11) to base 9.
12
Convert -153 (base 7) to base 2.
-1010111
2 (base 14) to base 3
2
What is -a9 (base 14) in base 3?
-12112
4 (base 6) to base 11
4
Convert -1 (base 14) to base 11.
-1
What is -232 (base 4) in base 3?
-1201
Convert 0 (base 5) to base 3.
0
What is b (base 12) in base 5?
21
-12 (base 9) to base 12
-b
Convert 100 (base 4) to base 6.
24
Convert -34 (base 5) to base 16.
-13
Convert -1001 (base 2) to base 5.
-14
Convert 10 (base 2) to base 13.
2
Convert 330 (base 4) to base 2.
111100
-124 (base 10) to base 6
-324
-6 (base 12) to base 2
-110
Convert 0 (base 5) to base 7.
0
Convert 14 (base 11) to base 2.
1111
5 (base 9) to base 4
11
2 (base 7) to base 11
2
Convert 2 (base 3) to base 9.
2
110001 (base 2) to base 4
301
What is -2 (base 12) in base 16?
-2
Convert 217 (base 8) to base 15.
98
Convert 1 (base 14) to base 16.
1
243 (base 6) to base 3
10200
What is -1 (base 16) in base 15?
-1
123 (base 7) to base 9
73
-36 (base 8) to base 4
-132
Convert 23 (base 5) to base 3.
111
-6 (base 7) to base 12
-6
What is 5 (base 7) in base 9?
5
-3 (base 12) to base 10
-3
10 (base 2) to base 3
2
Convert -1 (base 12) to base 9.
-1
-2013 (base 5) to base 9
-316
Convert -8 (base 12) to base 8.
-10
Convert 4 (base 5) to base 9.
4
Convert -102 (base 7) to base 16.
-33
Convert -1 (base 6) to base 11.
-1
-1133 (base 4) to base 12
-7b
What is 1101 (base 2) in base 3?
111
4 (base 7) to base 15
4
Convert -13 (base 16) to base 15.
-14
-41 (base 14) to base 10
-57
25 (base 6) to base 14
13
What is -10 (base 5) in base 15?
-5
-15 (base 14) to base 16
-13
What is 0 (base 2) in base 4?
0
What is 30 (base 5) in base 10?
15
What is -2000 (base 3) in base 8?
-66
Convert -3 (base 9) to base 2.
-11
Convert -1 (base 10) to base 11.
-1
What is -168 (base 11) in base 13?
-120
-11 (base 8) to base 11
-9
What is 19 (base 11) in base 4?
110
Convert -10 (base 6) to base 3.
-20
Convert -111101 (base 2) to base 9.
-67
-1d (base 16) to base 13
-23
What is -1011 (base 2) in base 4?
-23
Convert 41 (base 5) to base 7.
30
What is 121 (base 4) in base 3?
221
119 (base 11) to base 3
12020
What is -20210 (base 3) in base 9?
-223
-12 (base 4) to base 15
-6
-565 (base 7) to base 9
-354
Convert 304 (base 7) to base 8.
227
Convert -5 (base 8) to base 10.
-5
Convert 18 (base 14) to base 8.
26
-3 (base 14) to base 15
-3
What is 1 (base 16) in base 13?
1
Convert 14 (base 8) to base 15.
c
What is bb (base 16) in base 7?
355
What is 1f (base 16) in base 12?
27
-b6 (base 15) to base 4
-2223
Convert -6 (base 15) to base 6.
-10
What is -1 (base 16) in base 15?
-1
What is -2 (base 15) in base 16?
-2
Convert 10111 (base 2) to base 6.
35
What is -10b (base 13) in base 14?
-cc
What is 25 (base 12) in base 5?
104
-3 (base 5) to base 12
-3
What is 6 (base 7) in base 9?
6
-10121 (base 3) to base 16
-61
5 (base 12) to base 7
5
Convert 10 (base 3) to base 4.
3
What is 2 (base 12) in base 15?
2
What is 0 (base 8) in base 16?
0
14 (base 11) to base 16
f
0 (base 9) to base 13
0
-100 (base 2) to base 3
-11
What is 5 (base 14) in base 7?
5
-3 (base 11) to base 10
-3
Convert 3 (base 11) to base 3.
10
-d (base 15) to base 12
-11
Convert -221 (base 4) to base 6.
-105
Convert 14 (base 12) to base 3.
121
Convert 2 (base 13) to base 15.
2
What is 2 (base 3) in base 14?
2
4 (base 7) to base 12
4
Convert -123 (base 5) to base 4.
-212
-1d (base 15) to base 13
-22
1 (base 15) to base 11
1
What is -11 (base 9) in base 16?
-a
Convert -10010000 (base 2) to base 7.
-264
What is 7 (base 8) in base 11?
7
-111211 (base 3) to base 8
-565
80 (base 14) to base 5
422
Convert -2 (base 16) to base 3.
-2
What is -1 (base 12) in base 4?
-1
-110 (base 2) to base 3
-20
-56 (base 9) to base 3
-1220
Convert -111101 (base 2) to base 3.
-2021
What is 0 (base 6) in base 12?
0
1 (base 2) to base 12
1
Convert 110 (base 5) to base 7.
42
What is 1 (base 3) in base 6?
1
Convert -10 (base 4) to base 6.
-4
What is 2110 (base 3) in base 9?
73
Convert 21 (base 3) to base 4.
13
What is -6 (base 11) in base 7?
-6
Convert -4 (base 14) to base 8.
-4
-76 (base 10) to base 14
-56
5d (base 16) to base 5
333
1e (base 15) to base 2
11101
-223 (base 7) to base 16
-73
Convert -3 (base 7) to base 13.
-3
-25 (base 11) to base 4
-123
What is 0 (base 3) in base 15?
0
What is -24 (base 5) in base 14?
-10
5 (base 11) to base 16
5
Convert -2 (base 9) to base 15.
-2
0 (base 16) to base 13
0
What is -12 (base 5) in base 9?
-7
Convert -51 (base 12) to base 14.
-45
What is -17a (base 13) in base 11?
-226
Convert -14 (base 14) to base 11.
-17
Convert -1 (base 10) to base 2.
-1
-159 (base 11) to base 10
-185
What is -11 (base 2) in base 14?
-3
Convert -1 (base 3) to base 7.
-1
What is -2 (base 11) in base 6?
-2
What is -109 (base 11) in base 4?
-2002
Convert -17 (base 8) to base 3.
-120
Convert -3 (base 8) to base 12.
-3
Convert 1 (base 13) to base 7.
1
What is -111 (base 5) in base 15?
-21
Convert -47 (base 15) to base 11.
-61
142 (base 13) to base 11
193
Convert 1011110 (base 2) to base 5.
334
Convert 1 (base 8) to base 15.
1
Convert 6 (base 7) to base 4.
12
What is -110 (base 2) in base 5?
-11
50 (base 7) to base 3
1022
What is 1e (base 15) in base 8?
35
10 (base 2) to base 16
2
Convert -24 (base 11) to base 13.
-20
Convert 5 (base 16) to base 10.
5
What is 16 (base 7) in base 9?
14
-61 (base 9) to base 6
-131
79 (base 15) to base 3
11020
What is -16 (base 13) in base 4?
-103
Convert 1000000 (base 2) to base 7.
121
Convert -9 (base 15) to base 16.
-9
76 (base 13) to base 6
241
What is 10 (base 2) in base 15?
2
-7d (base 14) to base 9
-133
What is -3 (base 11) in base 15?
-3
261 (base 12) to base 3
111101
What is 0 (base 12) in base 10?
0
-5 (base 9) to base 13
-5
12 (base 13) to base 2
1111
Convert -94 (base 15) to base 3.
-12011
3 (base 5) to base 8
3
Convert